 -69. Let d be 2/(-6) + b/18. Suppose d*u - 4*y = 75, 3*y - 103 = -5*u + 7. Is u composite?
False
Let z(c) = -c**2 - 6*c - 6. Let v be z(-4). Let f be 224/(-12) + v/3. Is (f/10)/(3/(-10)) prime?
False
Suppose 26*j - 24*j = 2302. Is j a composite number?
False
Is ((-157)/(-2))/((-7)/(-14)) a prime number?
True
Suppose -4*x = 3*a - 91 - 26, 4*a - 4*x = 184. Is a a composite number?
False
Suppose 2*c = 3*k - 53, -3*k - 43 = 2*c - 8. Suppose -5*p + 5756 = -5*b + b, -2*p = 0. Is b/(-11) + (-4)/c prime?
True
Let o = -29 - -486. Suppose -5*j + o = -2*j + 2*y, 2*j - 5*y = 273. Is j a composite number?
False
Let y(l) = -l**2 - 9*l - 5. Let h be y(-8). Suppose 55 = 8*p - 3*p - h*m, 3*p = -4*m + 33. Is p composite?
False
Is (-5)/((-5)/918) + (8 - 4) composite?
True
Let u be -9 - (-4 - -1)/(-3). Let t = u + 20. Is t/((16/94)/4) a composite number?
True
Suppose x - 128 = 93. Is x a prime number?
False
Suppose 3*b - 208 = 44. Let o = b - 5. Is o a prime number?
True
Let r = -3984 - -6931. Is r a prime number?
False
Let c(t) = 2*t - 7. Let x be c(6). Suppose 0 = -4*q - 16, x*v - 8 - 5 = 2*q. Is (-170)/(-8) + v/(-4) a prime number?
False
Let i(s) = -s**3 + 11*s**2 - 4*s - 7. Is i(7) a composite number?
True
Let o be (-1 + 0)/((-1)/5). Suppose 143 + 52 = o*n. Is n prime?
False
Let z(i) be the second derivative of i**5/20 - 5*i**4/12 - 5*i**3/6 - i**2 + 3*i. Let x be z(6). Suppose x*v = -8 + 64. Is v a prime number?
False
Suppose 0 = 4*p - 13 + 1. Suppose 2*v - 44 = p*v. Let j = 81 + v. Is j a prime number?
True
Let m(k) = -2*k**2 - 3*k. Let u be m(-2). Let t = -7 - u. Is (-7190)/(-25) + 3/t composite?
True
Suppose -j - 4 = 0, 4*j = 5*q + 53 + 2241. Is q/4*6/(-9) composite?
True
Let w = 205 + -78. Is w prime?
True
Let w be (-4)/6 + 16/6. Let o be w/5 - (-54)/15. Suppose 10 = -2*m, -5*m = o*l - 1 - 26. Is l a prime number?
True
Let c(q) = -4*q + 3*q**3 + q + 4 - 1. Let f be 13/(-91) - (-30)/14. Is c(f) prime?
False
Let w = -4 + 6. Let z = w + 2. Suppose -2*s - 6 + 0 = 0, 2*c + z*s - 14 = 0. Is c prime?
True
Let q(z) = -2*z - 1. Let j(y) = 5*y + 1. Let g(x) = 3*j(x) + 7*q(x). Let n be g(8). Suppose 14 = n*i - 62. Is i composite?
False
Let h = -13 + 12. Is -3 + (h - (-215 + 0)) a composite number?
False
Let v = -587 - -1286. Let c be (-2)/(-8) - v/(-4). Let a = c - 120. Is a a prime number?
False
Let c(y) = -6 + 30 - 13 + 8*y + 16*y. Suppose -5*p + 1 = -w + 4, -2*p = -2. Is c(w) a prime number?
False
Let p = 5 + -2. Suppose -2*t = -p*t - 477. Is t/(-6) + (-1)/2 prime?
True
Let y(z) = 11*z**2 + 1. Let j be y(4). Suppose -2*m + j = m. Is m prime?
True
Let d = 6 + 3. Let s be (6/d)/(2/(-6)). Let x = 4 + s. Is x a prime number?
True
Let x = 248 - 680. Let c = -181 - x. Is c a prime number?
True
Let c = -343 - -529. Suppose 3*n = 6*n - c. Suppose -x - n = -3*x. Is x composite?
False
Let v = 2 + -4. Is 446/(4*(-1)/v) a prime number?
True
Is -1*(-2 + 1 + -130) composite?
False
Let y = -354 - -527. Suppose -358 = -3*p + y. Is p composite?
True
Let s = 3 - 0. Let m(z) = 5*z**2 + 4*z - 3. Let h(f) = f**2 - 1. Let i(j) = -4*h(j) + m(j). Is i(s) a composite number?
True
Let j(t) = t**3 - 3*t**2. Let p be j(2). Let v(s) = s**3 + 7*s**2 + 4*s - 1. Let l be v(p). Suppose -z + l = -0. Is z a prime number?
True
Let m(o) = 16*o**3 - o**2 + o + 1. Let l = -5 + 7. Is m(l) a composite number?
False
Let m(g) = -g**2 - g. Let k be m(1). Let p be 20/(-12) - k/3. Is (p/3)/((-1)/27) prime?
False
Let q = -131 + 940. Is q a prime number?
True
Let y(b) = b - 6. Let w be y(9). Suppose -2*g = g - w*q - 567, -925 = -5*g - 5*q. Is g composite?
True
Let f(r) = 1. Let x(g) = -g - 10. Let a(k) = -4*f(k) - x(k). Let h be a(-6). Suppose h = -5*v - 5*c + 4*c + 40, c = 5. Is v composite?
False
Let o be 56/21*1*3. Suppose o*p = 13*p - 95. Is p composite?
False
Is 1 - 8/12 - 2560/(-6) a composite number?
True
Suppose 3*c - 3370 + 1023 = 2*z, -3 = -3*z. Suppose c = 5*m - 2*k, -640 = -3*m - m + 5*k. Is m a composite number?
True
Suppose -4*g + 18 = 4*d - 22, 0 = 2*g - 5*d + 8. Is g/39 - 3142/(-26) a prime number?
False
Suppose k - 272 = -3*y, -4*y = -k + 4*k - 361. Is y prime?
False
Suppose 2*f + 6 = h - 7, -3*f + 18 = h. Is h prime?
False
Let w(j) = 4*j + 3. Let b be w(-3). Let i be (-21)/b - (-2)/(-6). Suppose -2*d = -3*n - 242, d + 583 = 6*d - i*n. Is d composite?
True
Suppose 5*g - 3*w = -0*g + 10, 0 = -5*w. Suppose -g*v + 2*f - f + 167 = 0, v - 70 = 5*f. Is v composite?
True
Suppose 2*p - 815 = -3*p. Is p a prime number?
True
Let u = 197 + 54. Is u composite?
False
Suppose 6*f - 5*f - 191 = 0. Is f prime?
True
Suppose -g + 4*i + 768 = 3*g, 3*g - i = 586. Let f = 134 + g. Is f a composite number?
False
Suppose -5*b + 159 = f - 0*b, 0 = 4*f - 5*b - 536. Is f a prime number?
True
Let w = 9 - 5. Let z = w + 3. Is z composite?
False
Suppose -3*n - 400 = -7*n. Is (-5)/(n/(-44))*5 prime?
True
Let s be (-3)/(0 - 3) - 4. Let k = s - -34. Is k composite?
False
Suppose 172 = m + 3*m - 4*w, 16 = 4*w. Let l = 73 - m. Is l prime?
False
Suppose -4*w + 2745 = 5*m + w, 3*w = 6. Is m a composite number?
False
Let o(x) = x**3 - x**2 - 2. Suppose -a = -3*p + 10, 2*p + 0*p + 2 = 5*a. Let k be o(a). Is (-139)/(-2)*1*k prime?
True
Let n = 9 + -10. Is (-2 + 4 - 151)*n composite?
False
Suppose -88*w - 790 = -90*w. Is w composite?
True
Let z(i) = -i**3 - i**2 - i - 1. Let t be z(0). Suppose 82 + 113 = 5*j + 5*w, 4*j - 3*w = 135. Let v = j + t. Is v prime?
False
Suppose 3815 - 760 = -5*x. Let c = 898 + x. Is c a prime number?
False
Suppose -4*x + 3*d = -51, 0*d - 2*d - 39 = -3*x. Is x prime?
False
Let k = 19 + -9. Is 53*-2*(-5)/k composite?
False
Let b be (188/6)/(5/90). Suppose -z + b = 2*z. Let d = z + -45. Is d a prime number?
False
Let g = -7745 - -11688. Is g a prime number?
True
Suppose 6*g + 5*g - 4521 = 0. Is g a prime number?
False
Let q(l) = -8*l - 4. Let t be q(3). Let w = t - 220. Is (w/12)/((-4)/6) composite?
False
Let m be (-57)/21 + (-4)/14. Let c(r) = -12*r - 1. Is c(m) prime?
False
Suppose -2*u = 4*x - 646, 5*x - 96 - 711 = -2*u. Is x a composite number?
True
Let t = -319 - -1068. Is t a prime number?
False
Let f be (5 - 2)*5/3. Suppose f*w - 65 - 15 = 0. Let p = w + 49. Is p prime?
False
Suppose -4*d + 158 = -230. Is d prime?
True
Suppose -2*w = -5*w + 6. Suppose 4*d = x + 15, 4*d - w*x - 21 = -3. Let a(i) = i**2 + 3*i - 4. Is a(d) composite?
True
Suppose -2*u - u = -5133. Is u composite?
True
Let z(o) = o**3 + 5*o**2 + 6*o + 6. Let x be z(-4). Suppose -2*r + 3*t = 66, 5*r = 2*r + t - 113. Is (1 + 0 + r)/x a prime number?
True
Suppose -6 = -b - 0. Is b composite?
True
Suppose 6*k + 2*w - 2155 = 5*k, 3*w = k - 2150. Is k a composite number?
False
Let v = -3 - -5. Let q(g) = v*g + 1 + 3*g**2 + 0 + 0. Is q(-3) a prime number?
False
Suppose -5*f = -0*f - 15. Suppose 0 = -f*l + 2*l + 55. Suppose 3*j = 3*g + 84, -5*j + 69 + l = 3*g. Is j a composite number?
True
Suppose 2*n - n = 68. Let i = 102 - n. Is i composite?
True
Let l(j) be the first derivative of -6*j**2 - 5*j + 7. Is l(-7) a composite number?
False
Let w be (-11)/(-22) - (-225)/2. Suppose -5*d = p - 37, -4*p - d + w = p. Is p composite?
True
Is 1*(-2)/(-9) + (-167807)/(-153) a prime number?
True
Suppose 3*h = 8*h. Is (-10 - -9) + (h - -279) prime?
False
Suppose 336 = -3*h + 5*r + 1032, -5*h + 1200 = 5*r. Is h a prime number?
False
Suppose 5 = -2*s - 1. Let t be s/(-5) - 18/5. Is (-834)/(-4)*(-2)/t prime?
True
Let k(s) = 17*s**2 + 27*s + 5. Is k(-12) composite?
False
Suppose -3*w + x = -5032, x = -w + 3*w - 3354. Is w prime?
False
Suppose 6*w = 7*w. Suppose -2*x - 2*k + 143 - 7 = w, -5*k + 210 = 3*x. Is x a composite number?
True
Let m(l) = 44*l - 3. Let f = -4 - -6. Let g be m(f). Suppose -123 = -5*x + 2*b, -3*x + 2*b + g = -2*b. Is x a composite number?
False
Let a(d) = -d**3 - 23*d**2 - 91*d - 33. Is a(-30) a composite number?
True
Let d(w) = -w**2 + 8*w + 9. Let i be d(9). Suppose -c + i*c = -5. Suppose x - 4*y - 152 = -3*x, -c*y = 5. Is x a composite number?
False
Suppose 0 = -3*h - 7 + 34. Let i = -67 + 71. Suppose 5*o - h = -2*k, -k - 31 = -6*k - i*o. Is k prime?
True
Suppose -3*j + 6 = -12. Suppose 0 = p, 4*t - j*p - 24 = -p. Suppose t + 27 = v. Is v composite?
True
Suppose -2*t + t + 5 = 0. Let b(c) = c**3 - 6*c**2 + 2*c - 5. Let a be b(t). Le